 of 1 + -5 + 1 + -4 + 3?
-4
What is (-2 + 3 + 0 - -7) + -5?
3
What is (-11 - -7 - -4) + (-2 - 1)?
-3
Calculate (1 - -2) + (-5 - -1).
-1
What is 2 - 2 - 0 - -2?
2
Calculate 6 + -1 + 4 + -10.
-1
Evaluate (-4 - -6 - 2) + 0 + 1.
1
What is the value of 1 - (4 - 2 - 5)?
4
What is the value of -5 - -11 - (-2 + 10)?
-2
(6 - 5) + (-1 - -2)
2
What is -9 + (-2 - (-4 + 2 + -4))?
-5
What is the value of (-12 - -13) + (12 - 2) - 4?
7
Evaluate 5 - -1 - (5 - -1).
0
Evaluate (96 - 108) + 8 + -1.
-5
(0 - (2 - (2 - 1))) + 4
3
Evaluate 6 + -10 - (-1 - 0 - -2).
-5
Calculate 6 + (-10 - -5 - (-5 + 0)).
6
What is the value of 0 - -2 - 4 - (2 - 1)?
-3
Evaluate -14 + 13 + 3 + -1.
1
What is the value of -3 + -2 - (3 - 7)?
-1
(2 - (-2 + 3)) + (6 - 6)
1
What is (2 - 6 - -4) + (-5 - -2)?
-3
What is the value of (0 + 7 - (0 - -3)) + -2?
2
What is (2 - (-8 + 3)) + -10?
-3
What is 9 + -9 - (2 + -4)?
2
4 + -2 + -1 + (-27 - -21)
-5
What is -4 + 17 + -11 - (1 + -4)?
5
What is the value of -2 + 3 + 3 + -10 + 8?
2
2 + (1 - 2) - (-4 + 0)
5
Calculate (1 - -9) + (-17 - -10).
3
(-4 - (-5 - 3) - 7) + 6
3
What is the value of -2 - (-23 + 13) - 11?
-3
Calculate -1 + -11 + 6 + 5.
-1
What is the value of (3 - (2 - 7)) + -3?
5
-2 + 2 + 7 + -2 - 5
0
Evaluate 0 - (1 - (6 + -2)).
3
What is 0 + 1 - (-6 - -1 - -7)?
-1
-5 - -6 - (8 - 9)
2
What is the value of (90 - 87) + -1 + -6?
-4
What is the value of -6 - -1 - (3 + -5 + 1)?
-4
Evaluate -5 - (-2 + 1) - (-4 + -2).
2
What is the value of 2 - (2 + 1 + (-13 - -10))?
2
-2 - (-3 - -3 - -2)
-4
What is the value of -3 + 5 + -5 + (-1 - 1)?
-5
What is -2 + 4 + -5 + 0?
-3
What is the value of -1 - 0 - (-4 + -1 + 2)?
2
What is the value of -6 - (4 - (4 + 1))?
-5
What is 7 + 6 + (17 - 27)?
3
-4 + 8 - 0 - 9
-5
8 + (-2 - (10 - 4)) + -10
-10
Calculate 0 + 1 + (4 - 0).
5
Evaluate 7 - (-11 + 1 - -6).
11
Evaluate 3 + -11 + 13 + -3 + -1.
1
(3 - (-3 + 5)) + 1 + 3
5
Evaluate 7 + (-7 - -1) - -5.
6
Calculate 1 + 2 - (0 + 15 + -10).
-2
(5 + 23 + -6 - 7) + -5
10
What is the value of 5 + -6 + -4 + 4?
-1
Evaluate (-5 - (5 + -9)) + -2.
-3
(1 - 1) + (-5 - -7)
2
Calculate 0 + (-10 - -12 - -7).
9
What is -5 - (1 + -2 + -6) - 7?
-5
What is -7 - (-8 + -2) - (1 - -1)?
1
Calculate -32 - -38 - (5 + -1).
2
What is 0 - (4 - -3 - 3)?
-4
Calculate 8 - (-10 + 16 - (-3 + -2)).
-3
Evaluate -12 + (0 - -4) + 3.
-5
(-1 - 3) + (-2 - -4 - -7)
5
Evaluate (-2 - -3) + 12 - (-15 - -18).
10
0 - (4 - (3 + 6))
5
0 + (-7 - -9 - -2) + -1
3
What is the value of -2 + 4 + 2 - (-38 - -42)?
0
What is the value of 7 + (-12 - -4) - (0 + -1)?
0
What is -8 + 9 + 0 - -1?
2
Calculate -8 - (-4 - (-4 - -5 - 5)).
-8
Evaluate -2 - (2 - -7 - 8).
-3
What is the value of -3 + 15 - 7 - -2?
7
(7 - ((2 - 1) + 6)) + 3
3
What is the value of 5 + 2 + (1 - (5 + -5))?
8
Calculate (1 - -3) + (2 - (0 - -4)).
2
Calculate 7 + -6 + 7 + -1.
7
What is the value of -18 + 5 - -14 - (-3 - -7)?
-3
Evaluate 4 - (-8 + (2 - -5)) - 1.
4
12 - (6 - (-7 + 6))
5
Calculate -1 + -1 + (2 - 6).
-6
What is 6 - (13 - 9 - -8)?
-6
(-2 + -4 + 4 - -5) + 1
4
2 - 1 - (4 + -2)
-1
Calculate -4 - (11 + (10 - 31)).
6
Evaluate (-8 - (-5 + -3)) + -5.
-5
Calculate 5 - 1 - (-2 - (0 - 2)).
4
Evaluate (-2 - (-2 - -2) - 1) + -2.
-5
(1 - 6) + -8 - -7
-6
What is 0 - -2 - (-7 + -23 + 25)?
7
What is the value of -4 + (6 - 2) + 5 + -3?
2
Calculate -9 + 3 + (-9 - -13).
-2
5 + 2 + -4 + 1
4
Evaluate 6 + 10 + -3 - 8.
5
What is -18 - (-17 + 7 - 0)?
-8
-4 + -26 + 13 + 9
-8
Calculate -3 + 6 + -17 + 8 + 8.
2
Calculate 2 + -1 - (-4 - -12) - -2.
-5
Calculate -11 + -7 + 2 - -8.
-8
(-9 - -13) + 6 - 17
-7
What is the value of 1 - 3 - (-16 + 18)?
-4
What is -13 - -2 - -7 - -7?
3
Calculate -10 - (5 + 4 + -16).
-3
Evaluate -11 + -4 + 5 + 5 - 0.
-5
Calculate -5 + (3 - 1) + 1.
-2
4 + (0 + (-7 - -5) - 5)
-3
-1 + -6 - (3 - (13 + 1))
4
What is 7 - (9 + -3 + 9 + -8)?
0
What is the value of -3 + (15 - 7) - 4?
1
Calculate -1 + -14 + -1 + 12.
-4
Calculate 5 + 0 + -5 + -1.
-1
Evaluate 4 - 0 - -2 - 1.
5
Evaluate (3 - (-4 - -1)) + -2.
4
Calculate 0 + -2 - (75 - 71).
-6
Evaluate -2 + 4 + 0 + 3.
5
Evaluate (-6 - -1) + 4 - (1 + 0).
-2
What is the value of 3 + 7 + -10 + 3?
3
What is the value of -3 + (-1 - (-10 + 5))?
1
Evaluate 3 + (-5 - -1) + 3 + -2.
0
Evaluate 0 - 1 - (69 - 68).
-2
-3 + (5 - 8) + 11 + 0
5
Calculate -6 + 1 + -3 - -7.
-1
What is 3 - (-8 + 10 + 3)?
-2
What is the value of 1 + -1 + -1 + (-45 - -45)?
-1
What is the value of 13 + 1 + 17 + -18 + -6?
7
What is the value of (5 - (-4 - -9)) + 4 + 0?
4
What is the value of -8 - 1 - ((-2 - -11) + -11)?
-7
-2 + -12 + 6 + -1
-9
Calculate 1 + -6 + 7 - (0 - -7).
-5
What is 10 + (6 - 8) - 7?
1
Evaluate 3 - ((-3 - -3) + 1).
2
Evaluate 1 + (-3 - -13 - 6).
5
(3 - 10) + 1 + 12
6
What is -69 + 60 - (-10 - -2)?
-1
Evaluate (7 - 11) + 0 - 0.
-4
Calculate 6 + (10 - 5) - 7.
4
What is 0 + 1 - (-6 - -3 - -7)?
-3
Evaluate (-8 - -7) + 14 - (-9 + 11).
11
What is -12 + 8 + (2 - 3)?
-5
What is the value of (1 - (11 + (-5 - 0))) + 3?
-2
What is the value of -46 + 48 - (6 + -3 + 1)?
-2
Evaluate -4 - ((-2 - 1) + -9).
8
Calculate (-2 - 3) + (10 - (0 + 7)).
-2
Evaluate -14 - -7 - -2 - (2 + -12).
5
-3 + 11 + -12 - -4
0
What is the value of -5 - -8 - 12 - (-3 + -2)?
-4
Evaluate 18 - 11 - (0 - -4).
3
What is (3 - 4 - 6) + 4 - -6?
3
What is the value of 0 - -7 - (13 + -23 + 10)?
7
Calculate -2 + 4 + (-60 - -52).
-6
Calculate 1 + (4 - 4) + 0.
1
What is 4 - ((-1 - 2) + -14 + 18)?
3
What is (3 - 0) + (2 - 6) - -7?
6
0 - (-1 + 0) - (2 - 4)
3
Evaluate -10 + 17 + -3 - 5.
-1
Calculate (-13 - -5) + (6 - -3).
1
Calculate 5 - 1 - -3 - 4 - 3.
0
Evaluate -1 + 5 + 6 + -15.
-5
Evaluate (1 - 0 - -5) + (-2 - 0).
4
Calculate (4 - -5) + 16 + -23.
2
What is 3 + (2 - -2 - 11)?
-4
0 + -1 + -87 + 84
-4
What is (-3 - 0) + -3 + 15 + -20?
-11
-3 - (0 + (0 - 3))
0
What is the value of 3 + 0 + (-5 - (-4 + -1))?
3
Calculate (-6 - (5 + -12)) + -4.
-3
What is 1 + 2 + -5 + 4 - 5?
-3
Calculate (-1 - -5) + (-1 - (-3 + 2)).
4
What is 2 - (-3 + (5 - -2))?
-2
Evaluate -4 + 3 + 1 + 0.
0
Evaluate -13 + -4 + 15 - -8.
6
Calculate 25 + -24 + -2 + 3.
2
Calculate -5 - 1 - (38 - 42) - -2.
0
2 + -3 + -4 + (6 - 4)
-3
6 + -7 - (1 - (0 - -2))
0
Evaluate -1 + -3 - (-2 + -4).
2
Evaluate -9 + 13 + -1 + -1.
2
What is the value of -4 + (0 - -2 - -1)?
-1
Evaluate -5 + (12 - (4 + 3)) + 9.
9
Evaluate (4 - 6 - -1) + -3.
-4
(-5 - 2) + (-34 - -40)
-1
-1 + 13 + 81 + -87
6
Evaluate 5 - -2 - ((-6 - -14) + 0).
-1
What is 3 + 0 - (6 - (6 - 3))?
0
What is -7 + 0 + (0 - (2 + -5))?
-4
Calculate -1 + 0 + (-9 - -15).
5
What is -2 + 4 - (-11 + 10 + -1)?
4
(-1 - 5) + 10 + -2 - -3
5
What is the value of -1 + 2 + (-6 + 2 - -1)?
-2
What is the value of 0 - (-3 + 1) - 0?
2
What is 5 + 3 + -3 - 7?
-2
What is 29 - 24 - (1 - -2)?
2
Evaluate 0 + -5 + -4 - (-12 - -7).
-4
Evaluate -1 + (-7 - (1 + -8)).
-1
What is 0 - (2 + (-4 - 3 - -3))?
2
Evaluate -5 - (-4 - (2 + 1)).
2
Calculate 2 + -1 - (-5 - 0).
6
What is the value of -1 + (9 - (1 - -2))?
5
(3 - -2) + -12 + 26 + -9
10
Evaluate 4 + -5 + -1 + 2 + 4.
4
What is the value of -1 + 2 + 0 + 3?
4
What is -16 + 14 - (-2 + -1 + 0)?
1
What is 3 - -1 - (28 - 21) - -7?
4
Calculate -1 - 4 - ((-2 - -10) + -14).
1
Calculate 5 - (3 + (-1 - -3) - -3).
-3
What is 1 + -2 + (8 - 4)?
3
What is the value of (7 - 2) + -14 + 5?
-4
Evaluate 5 - (6 + (-6 - (-5 + -5))).
-5
What is 4 + -5 - (8 - 15) - 5?
1
-12 + 1 + (1 - -7)
-3
Calculate -1 + 2 + (1 - 4).
-2
Calculate 2 + 2 - (-4 - -11).
-3
What is 7 - (-1 - -5) - (1 - 0)?
2
Calculate -3 + -4 + 1 + 4.
-2
Calculate -3 + -3 - -8 - (-1 - 1).
4
What is 7 + -16 + 5 - (-4 - 0)?
0
Calculate 11 + 0 + 3 - (-3 - -11).
6
Calculate -5 + -10 + 10 - (-1 + -1).
-3
-10 + 1 - (9 + -22 + 10)
-6
What is the value of (1 - -1) + 48 + -47?
3
Evaluate (1 - -5) + 6 + -3 + -7.
2
What is 1 - -2 - (-1 - -5)?
-1
What is (7 - 3) + 0 + -6 - 2?
-4
Evaluate 4 - (-3 + (4 - 2)).
5
What is -4 + (7 - -1) + 2 + -2?
4
Calculate 6 - -4 - (5 + -1).
6
What is the value of -214 + 216 - (-2 - (2 - 1))?
5
What is the value of 1 - -1 - (-4 - -10)?
-4
(-3 - 0 - -3 - -2) + -1
1
Evaluate (0 - -1 - 1) + -2 + 1.
-1
What is the value of -22 + 16 + 10 + -1 - 8?
-5
Evaluate (0 - 6 - 0) + 4.
-2
What is the value of -1 + (-4 - ((-7 - -1) + 0))?
1
Evaluate 0 + -9 - ((-15 - -15) + -3).
-6
0 - (10 + -2) - -3
-5
Calculate 1 + -1 + (-